x(6). Let k = h - 149. What is the units digit of k?
4
Suppose y + 30 = -0*y - 4*h, 0 = -3*y - 4*h - 90. Let s = -13 - y. What is the units digit of s/7 + (-30)/70?
2
Suppose -2*p = 2*j + 2*p - 12, 4*j - 18 = -5*p. Suppose j*h = -3*h + 290. Let f = h - 18. What is the tens digit of f?
4
Let c(v) be the first derivative of v**4/4 - 2*v**3 - 3*v**2/2 + v + 3. Suppose -4*x + 42 = 2*x. What is the units digit of c(x)?
9
Suppose 3*h = -21 - 0. Let k(u) = u**3 + 6*u**2 - 6*u - 3. Let t be k(h). Let m(f) = -7*f - 3. What is the units digit of m(t)?
7
Let w = 132 + -197. What is the units digit of (-5)/(-1 - w/70)?
0
Suppose 0 = -6*y + y + 50. Let o(t) = -1 + 3 - y*t - 4*t**2 + 7*t + 11*t**2 + t**3. What is the tens digit of o(-7)?
2
Let c be ((-16)/(-6))/((-16)/(-24)). Suppose 4*o - 4040 = -4*l, 4*l + l = -c*o + 5052. What is the tens digit of 1/3 - l/(-33)?
3
Suppose -5 = -k - 5*o + 5, 3*k - 80 = -5*o. What is the tens digit of k?
3
Suppose 0 = c - 4 + 1. Let a(l) = -4*l + 7*l - l**3 + 9*l**2 + l**c + 7 - l**3. What is the tens digit of a(9)?
3
Suppose t + 0*t + y + 37 = 0, 0 = -3*y - 9. Let l = 66 + t. What is the tens digit of l?
3
Suppose -4*x - 2*b + 258 = 0, b = -2*x + x + 66. Let t = x + -58. What is the units digit of t?
5
Let r = 4505 - 2486. What is the tens digit of r?
1
Suppose -3*b + 3 = 0, -m + 1 = -2*m + 5*b. Suppose -4*j = m*d - 23 - 145, 3*d = 5*j - 250. What is the tens digit of j?
4
Suppose -v + 912 = -3*q - 1058, 3*v + q = 5890. What is the units digit of v?
4
Let m = -7 + -10. What is the tens digit of m/4*4*-5?
8
Let u(s) = 6*s**2 - 11*s - 462. What is the units digit of u(-17)?
9
Suppose -28024 = -82*d + 74*d. What is the tens digit of d?
0
Suppose 0 = 29*b - 10861 - 11150. What is the units digit of b?
9
Let g(f) = -f**2 - 6*f + 7. Let q(w) = -4*w - 2. Let b be q(-1). Suppose z + 35 = -z - 5*l, -z = b*l + 15. What is the units digit of g(z)?
2
Let t = -11 - -31. Suppose -7*i = -2*i - t. Suppose -66 = -i*c + c. What is the units digit of c?
2
Let x be (-3)/2*(-6)/3. Suppose x*d - 728 = -224. What is the hundreds digit of d?
1
Suppose 0 = 36*s - 40*s - 8. What is the units digit of -6*(21/(-9) - s)?
2
Let u(o) = o**3 + 3*o**2 - 8*o + 3. Let n be 9/6*(-48)/18. What is the units digit of u(n)?
9
Suppose 0 = 3*m + 4*j, -3*m + m + 5*j = 0. Suppose -u + 6*u = m. Suppose -g - 3*g + 16 = u. What is the units digit of g?
4
Suppose -4*x - 2*b = -1942, 5*x - 2*x - b = 1454. What is the units digit of x?
5
Let s = -1903 - -2267. What is the hundreds digit of s?
3
Suppose 2*p = -3*i + 5, -6*i + 5*i + 1 = p. Suppose -i*f + 28 = 2*n - 7*f, 4*f = n - 6. Suppose -m = -s + 2*m + n, -4*s + m = -44. What is the tens digit of s?
1
Suppose 0 = 2*z - 13 - 191. Suppose -2*w + z = -4*c, -5*c + 194 = 4*w - 3*c. Let x = 11 + w. What is the tens digit of x?
6
Let m = -8 + 9. Suppose 4*f = 4*r - 12, 0 = -3*r - 2*f + 3 + m. Suppose -4*t - 38 = -r*g, -3*g - 3*t = -129 + 27. What is the tens digit of g?
2
Let r be 3 + 92 + (-4 + 3 - -4). Let b = r + 3. What is the tens digit of b?
0
Suppose -3*y - 97 = -4*x + 36, 4*y + 3*x + 144 = 0. Let m = 45 - -23. Let c = y + m. What is the tens digit of c?
2
Let j(k) = -51*k + 11. Let i be j(-18). Suppose 16*n = 3247 + i. What is the tens digit of n?
6
Let i(h) = 149*h**3 - 2*h**2 + 3*h - 1. What is the tens digit of i(2)?
8
Suppose -q + 141 + 168 = h, q = 5*h + 327. Suppose k - q = 5*k. What is the tens digit of ((-2)/(-3))/((-4)/k)?
1
Suppose 268 = -3*t + 4*t + 4*p, -268 = -t - 2*p. Suppose -2*z + t = 2*z. What is the tens digit of z?
6
Let q(u) = -u**3 + u**2 - u + 3. Let k be q(0). Suppose -7*a + 5*c + 267 = -k*a, 5*c - 111 = -2*a. What is the units digit of a?
3
Let b(p) = -4 + 4*p - 3 + 118*p**2 - 117*p**2. Suppose 0 = -4*k + 2*w - 24, 2*w + 3*w = 0. What is the units digit of b(k)?
5
Let d(h) = h + 12. Let w be d(-8). Suppose -6*v = w*v - 1490. What is the tens digit of v?
4
Suppose 0 = -5*d + 6*d. Let q = -5 + 34. Suppose 4*o - q - 23 = d. What is the units digit of o?
3
What is the hundreds digit of (-9)/(-3) - (-708 - -14)?
6
Suppose 5*t - 4222 = -5*y + 4363, -t + 1709 = -3*y. What is the tens digit of t?
1
Suppose 0*k + 2*k = 54. Suppose -3*z - k = -0*z. Let y = z + 24. What is the units digit of y?
5
Let p(f) = f - 2. Let j be p(3). Let g(z) = -8*z + j - 3*z**2 - 3*z**2 + 7*z**2. What is the units digit of g(8)?
1
Let r(n) = 33*n**2 + 3*n - 3. Let a be r(-3). Suppose 0 = -l - 4*l + a. What is the units digit of l?
7
Let k be (-864)/88 + (-4)/22. Let v be k/(22/(-5) + 4). Let a = 43 - v. What is the units digit of a?
8
Suppose -5*y - 2944 + 15914 = v, 0 = -5*y + v + 12970. What is the thousands digit of y?
2
What is the units digit of 1192/12*(-12)/(-16)*4?
8
Let b be ((-20)/(-15))/((-25)/6 + 4). What is the hundreds digit of (-2)/(-4)*(270 + b)?
1
Let a(v) = -3*v + 8. Let w be a(4). What is the tens digit of w + (1 - -31*3)?
9
Let k(d) = 38*d**2 + 4*d - 41. Let a be k(-8). Suppose -18*q + a + 665 = 0. What is the units digit of q?
8
Let i = -3366 + 7159. What is the tens digit of i?
9
Let k be -2 + (3 - 6 - -889). What is the tens digit of (k/16)/(2/8)?
2
Let b = 337 - 160. Let r be (6/(-5))/(3/(-15)). Suppose -r*v + b = -3*v. What is the units digit of v?
9
Let m be (4/12)/((-4)/(-404))*-3. Let t = 65 - m. What is the hundreds digit of t?
1
Let m(d) = 191*d + 221. What is the thousands digit of m(13)?
2
Let h = 123 - -39. What is the tens digit of h?
6
Suppose -4*r = -3*r. Suppose 0*u - u + 63 = r. Suppose -x = -4*g + u - 5, -21 = -g - 3*x. What is the units digit of g?
5
Suppose -49*k + 43*k + 2550 = 0. What is the tens digit of k?
2
Let y = 26 - 23. Suppose -4*a - 5*v + 13 = 0, 2*a - v = 3*a - y. Suppose 0 = -3*o + h + 137, -142 = o - 4*o + a*h. What is the units digit of o?
4
What is the units digit of (10/(-30))/((-6)/3996)?
2
Let a(w) = 11*w**2 + w - 165. What is the units digit of a(8)?
7
Suppose -7*g + 3*g = 332. Let r be ((-38)/(-10))/((-32)/160). Let z = r - g. What is the units digit of z?
4
Let s be 134 + (-1)/3*-3. Suppose -2151 = -9*b - s. What is the hundreds digit of b?
2
Suppose -3*n = -7*t + 2*t + 60, -5*t + 5*n = -60. Suppose -v = -5*v + s + 105, 4*s = t. What is the tens digit of v?
2
Let g(s) = s**3 - 6*s**2 - 7*s + 2. Let f(v) = -4*v - 1. Let o be f(-2). Let u be g(o). Suppose 2*y = -u*y + 200. What is the units digit of y?
0
What is the thousands digit of 5027 - (-17)/((-119)/84)?
5
Suppose 19*l + 13*l = 6112. What is the units digit of l?
1
Let u = 27 + -9. Suppose -3*h - 3 = -u. Suppose -3*n + h*w = 2*w - 48, 36 = 3*n + w. What is the units digit of n?
3
Suppose -2*h + 4555 = g, 3*h - 5*g - 2873 - 3966 = 0. What is the hundreds digit of h?
2
Suppose 0 = 3*t + 9, -3*h + 2*h - 23 = t. Let c = -16 - h. Suppose -c + 0 = -r. What is the units digit of r?
4
Suppose 5*t - s = -13 + 43, t - 17 = -2*s. Suppose 5*v - t - 3 = 0, 0 = 3*g - 4*v - 343. What is the tens digit of g?
1
Let h be (1 - 3)*22/4. Let d = -7 - h. Suppose -d*v + 221 + 31 = 4*k, 3*v = -4*k + 188. What is the tens digit of v?
6
Let i = 1857 + -442. What is the tens digit of i?
1
Let r(z) be the second derivative of z**4/12 + 2*z**3/3 - 3*z**2/2 - z. Let t be r(-5). Suppose 2*y - 18 = -t. What is the units digit of y?
8
Suppose 5*l = -3*f + 36 + 67, 0 = -3*l + 4*f + 56. Let c(u) = -u + 16. Let x be c(19). What is the units digit of l*((-145)/(-25) + x)?
6
Let n(b) = 2*b - 10. Let p(j) = j - 9. Let l(g) = 2*n(g) - 3*p(g). Let t be 18/8*(-8)/3. What is the units digit of l(t)?
1
Suppose 10*m - 4*y = 6*m + 1828, 1369 = 3*m - y. What is the hundreds digit of m?
4
Let r(w) = -w**2 + 21*w - 6. Let a be r(11). Suppose -a = -3*c - c. Suppose j - 27 = c. What is the units digit of j?
3
What is the hundreds digit of 5/3*(689 + -56)?
0
Suppose 3*a - 6*a + 0*a = 0. Let r(h) = -h**3 + h + 97. What is the tens digit of r(a)?
9
Let a(f) = 5*f**2 + 27*f + 67. What is the hundreds digit of a(-8)?
1
Let q be 26/13 - 8*1/(-1). Suppose q = -h + 93. What is the tens digit of h?
8
Suppose -35*f = -1286 + 271. What is the tens digit of f?
2
Let s = -14 + 16. Suppose 2*f + 0*f - 1 = k, f = 3*k - s. Suppose -3*y + k - 10 = 0, -3*d + 48 = 2*y. What is the tens digit of d?
1
Let t(c) = 66*c**3 - c. Let d be 2/(-1*(-4 + 2)). What is the units digit o